7 = -10*o + 93. Suppose n = 4*m - 34 - o, -5*m + 2*n = -80. List the prime factors of m.
2, 7
Let k(i) = 14*i**2 - 3*i + 62. List the prime factors of k(-6).
2, 73
Suppose 0*m = -2*m + 12. Suppose 648 = 4*x + 2*j, -m*x - 496 = -9*x - 4*j. What are the prime factors of x?
2, 5
Let z(v) = 786*v**2 - 10*v + 20. List the prime factors of z(2).
2, 3, 131
Let x = 5048 + -1923. What are the prime factors of x?
5
Let t be -2*3*4/(-8). Suppose 108 = t*s + 2*z, z + 3*z = -12. Let g = s - -16. List the prime factors of g.
2, 3
Let r be (-2)/(-19) + 220/76. Suppose -r*q + 414 = -99. What are the prime factors of q?
3, 19
Let w(t) be the second derivative of 5*t**4/12 - t**3/2 + t**2 + 8*t. List the prime factors of w(-5).
2, 71
Suppose -16 = -12*o + 8*o. Suppose -20 = -o*i - 4. Suppose 5*y + i = v, 2*v - 4*y = -2*v + 64. What are the prime factors of v?
19
Let v = 259 - 147. List the prime factors of v.
2, 7
Let f = 10 + -15. Let t be (1 - f)/((-3)/4). List the prime factors of (-6)/(-4)*(t - -14).
3
What are the prime factors of (2 + -261)/(0 + 11/(-110))?
2, 5, 7, 37
Suppose 0 = -2*y + 6 + 8. Suppose a = 0, 3*a + 80 = -2*t + y*t. Let l = -3 + t. List the prime factors of l.
13
Let f = 2024 - 1293. What are the prime factors of f?
17, 43
Let j be (-168)/(-3)*(-5)/(-4). Suppose 5*n - j = -3*k, 5*n - 4*k - 59 - 11 = 0. What are the prime factors of n?
2, 7
Suppose 17*h - 10551 = -3173. What are the prime factors of h?
2, 7, 31
Let p = -949 - -1351. Suppose -4*r + 422 = -2*m, 5*r + 2*m - p = r. List the prime factors of r.
103
Suppose -5*r + 3 = -12. Let g be (1 - r*-5) + -1. What are the prime factors of 9/g + (-117)/(-5)?
2, 3
Suppose -17 = 5*s + 33. Let l(k) = k**2 + 11*k + 12. Let u be l(s). Suppose -74 = -u*h - 2. What are the prime factors of h?
2, 3
Let x(g) = -331*g**2 + 6 + 9*g + 333*g**2 - 1 - g. List the prime factors of x(-9).
5, 19
Let r be ((-80)/50)/(4/(-10)). Suppose r*y - 32 = 4*s, 0*s = -5*y - 5*s + 70. Suppose y = -t + 47. What are the prime factors of t?
2, 3
Let c be (-7)/(-2)*(-90)/(-21). Suppose 16*n - 31 = c*n. List the prime factors of n.
31
Let x(f) = -16*f**2 + 26*f - 40. Let o(n) = 11*n**2 - 17*n + 27. Let l(k) = -7*o(k) - 5*x(k). List the prime factors of l(9).
5, 31
Let x(l) = -50*l + 481. List the prime factors of x(5).
3, 7, 11
Let z(i) = i**3 - 6*i**2 - 1. Let f be z(6). List the prime factors of (162/135)/(f/(-180) - 0).
2, 3
What are the prime factors of 387 + (-6)/9*6?
383
List the prime factors of 888 + (2 + -2)/((-2)/1).
2, 3, 37
Let j be (-4)/12*(-3 - 0). List the prime factors of ((-22)/(-1) - j)*2.
2, 3, 7
Let l(x) = -8*x - 15. Suppose 6*s = s - 45. What are the prime factors of l(s)?
3, 19
Let v = -9 - -5. Let k = -4 - v. Suppose d + 2*y - 24 = k, 3*d - y = -4*y + 69. List the prime factors of d.
2, 11
Suppose 27 = -5*c + 7, 3*c + 18 = 3*p. Suppose 8 = 2*o, -2*q + 20 = o + o. Suppose -q*m + 52 = -p*m. List the prime factors of m.
13
Let j = 46 - 43. Suppose -j*t - 522 = -9*t. What are the prime factors of t?
3, 29
Suppose 6097 = 9*d - 6818. List the prime factors of d.
5, 7, 41
Suppose 2*k = -2*l + 984, 14*k + 1954 = 18*k - 3*l. List the prime factors of k.
2, 5, 7
Suppose -5*h = -r - 15, h + 3*h - 2*r = 6. Suppose 0 = -h*g - 8, -f + 5*g + 190 = -58. What are the prime factors of f?
2, 7, 17
Suppose 14145 = 14*i + 9*i. What are the prime factors of i?
3, 5, 41
Let k = -33 + 37. Suppose 71 = v + 4*v - k*g, -3*g - 12 = 0. What are the prime factors of v?
11
Suppose -234 = -5*u + 1391. Let o = u - 206. What are the prime factors of o?
7, 17
Let s = 70 + -69. What are the prime factors of (-1 - 3)/((-7 + s)/108)?
2, 3
Suppose 7458 = 6*v + 4062. What are the prime factors of v?
2, 283
Let x = -1862 - -3139. List the prime factors of x.
1277
Let r(m) = 156*m**2 - 23*m - 77. List the prime factors of r(-4).
3, 31
Let x(q) be the second derivative of -2*q**3/3 + 12*q**2 + 9*q. Let z be x(-7). Let t = z + -15. What are the prime factors of t?
37
Suppose 3*m + 4*s = 164, -s + 157 = 4*m - 79. Suppose -5*x + m = -0*x. Suppose 0*o = o - x. What are the prime factors of o?
2, 3
Suppose j + 3*j - 16 = 0. Suppose -x + 5*p = 3*x + j, 0 = 2*p - 8. Suppose -7*v = x*w - 3*v - 100, -56 = -2*w + 4*v. List the prime factors of w.
2, 13
Let z(y) = y + 20. Let a be z(-15). Suppose -a*m + 81 = 231. Let r = 52 + m. What are the prime factors of r?
2, 11
Let q(v) = -v + 12. Let a be q(0). Suppose t + a = 13. What are the prime factors of 15*((-2)/(-6) + t)?
2, 5
Suppose 0 = -4*a - 10*i + 2112, 4*a - a = -5*i + 1579. What are the prime factors of a?
523
Let b(o) = 78*o**2 - 2*o - 2. Let i be b(-1). Let n = 137 - i. List the prime factors of n.
59
Suppose -13*u + 6 = -16*u. List the prime factors of (-4 - -2)*u + 7.
11
Suppose 2*t + 270 = 2456. List the prime factors of t.
1093
Let q = 624 + -375. Suppose 82 = 4*t + n - 137, -5*n = -4*t + q. What are the prime factors of t?
2, 7
Let z(n) = 96*n - 287. List the prime factors of z(12).
5, 173
Let u(r) = -3*r**3 - 3*r**2 + 7. Let p(y) = -y**3 + y**2 - y + 1. Let x(b) = -4*p(b) + u(b). Let j be x(6). Let i = j - -39. List the prime factors of i.
2, 3, 5
Suppose 8*i = 4*i. Suppose i = -14*u + 11*u + 3. Let q(s) = 5*s + 2. List the prime factors of q(u).
7
Suppose 5*g + p = 66, -p - p - 78 = -5*g. Let j = g - 36. Let s = 41 + j. List the prime factors of s.
19
Suppose -88*x = -116*x + 14476. What are the prime factors of x?
11, 47
Suppose 62*v = 65*v - 264. What are the prime factors of v?
2, 11
Let i(n) = 2*n**2 + 7*n - 8. Let z be i(-7). Suppose -v - 2*w + 14 + z = 0, 5*v - 2*w = 311. List the prime factors of v.
61
Let f(a) = 8*a**2 + 57*a - 77. What are the prime factors of f(15)?
2, 1289
Let s be 810/(-2)*38/(-95). Let d = -95 + s. List the prime factors of d.
67
Suppose -3*m - 7 = 4*l, -5*l = -0*m + 4*m + 10. Suppose c - 19 = -4*z, -2*z = -0*z + l*c - 8. List the prime factors of (2 - 17)*(-26)/z.
2, 3, 13
Let n(m) = m + 25. Let d be n(-11). Suppose -22*g + d = -21*g. What are the prime factors of g?
2, 7
Suppose -4*s - 2*k = -8*s + 1350, k = -5*s + 1677. Suppose y = -4*g + 192, 5*y + 4*g + s = 7*y. What are the prime factors of y?
2, 11
Suppose -66 - 61 = 3*t + 4*c, -5*t - 231 = -3*c. Let j = -22 - t. What are the prime factors of j?
23
Suppose -156 = -h + 264. What are the prime factors of h?
2, 3, 5, 7
Suppose 4*p = 47 + 57. What are the prime factors of p?
2, 13
Let h be (18/12)/((-3)/8). Let d be h/(-6) - (-52)/12. Suppose 0*y + d*j + 90 = 5*y, 2*j - 2 = 0. What are the prime factors of y?
19
Let h = -2484 + 4157. What are the prime factors of h?
7, 239
List the prime factors of -5 - 0/2 - 19425/(-15).
2, 3, 5, 43
Let d be -3 + 1 + (9 - 8). Let r(h) = 5*h**2 + 1. What are the prime factors of r(d)?
2, 3
Let s(d) = -12*d + 23. Let r(u) = 23*u - 47. Let b(m) = -6*r(m) - 11*s(m). List the prime factors of b(-10).
89
Let x(i) = 10*i + 13 - 13 + 0*i. What are the prime factors of x(5)?
2, 5
Let n(z) = -11*z - 6. Let j be n(-1). Suppose 5*l - 65 = j. What are the prime factors of l?
2, 7
Suppose o + 8 = 5. What are the prime factors of (5 - -2)*-87*o/9?
7, 29
Let f(o) = 298*o**2 + 3*o - 5. What are the prime factors of f(3)?
2, 17, 79
Let v(m) be the first derivative of -m**4/4 - 10*m**3/3 + 4*m**2 + 5*m + 25. What are the prime factors of v(-11)?
2, 19
Let g(b) = 2*b**2 - 96. List the prime factors of g(15).
2, 3, 59
Let f be (12/5)/((-14)/20 - -1). Suppose -f = -4*q + 40. List the prime factors of q.
2, 3
Suppose 2*z - 135 = -3*j + 69, -2*j + 510 = 5*z. List the prime factors of z.
2, 3, 17
What are the prime factors of (-90)/(25/(-5) + 186/38)?
3, 5, 19
Let g = 12667 + -8385. What are the prime factors of g?
2, 2141
What are the prime factors of 800/300*39*7?
2, 7, 13
Let p = 2074 - 1365. List the prime factors of p.
709
Let j = 2031 + -826. What are the prime factors of j?
5, 241
Let q = 4966 - 2231. What are the prime factors of q?
5, 547
Let f = 1270 + -738. List the prime factors of f.
2, 7, 19
Let c = -29 + 34. Suppose c*g - 244 = -649. Let b = 143 + g. What are the prime factors of b?
2, 31
Let f(v) = -8*v + 448. List the prime factors of f(20).
2, 3
Let i be 137 + 4/4 + 4. What are the prime factors of (-5 + 54/12)*-1*i?
71
Suppose -2*g = -2*r + 4432, -5*g = -2*r + 2264 + 2180. Wha